876002?
66
Calculate the highest common divisor of 74576 and 2816.
16
What is the highest common divisor of 728 and 5680528?
56
Calculate the highest common divisor of 6058710 and 2065.
2065
Calculate the greatest common divisor of 3867400 and 110.
10
What is the highest common factor of 712340 and 440?
20
What is the greatest common divisor of 85 and 251711435?
85
Calculate the greatest common divisor of 930582 and 107026.
1814
Calculate the greatest common divisor of 108 and 1755368.
4
Calculate the greatest common factor of 162 and 2047122.
18
What is the greatest common factor of 500 and 1558600?
100
Calculate the greatest common divisor of 267048 and 2880.
72
What is the highest common factor of 20760 and 112867968?
4152
What is the highest common factor of 21407300 and 9488?
2372
Calculate the highest common factor of 248211 and 102051.
261
What is the highest common factor of 642929 and 21462?
49
Calculate the highest common factor of 83901696 and 2568.
2568
What is the highest common factor of 18890220 and 5364?
1788
What is the greatest common factor of 93 and 632862861?
93
Calculate the highest common factor of 13612550 and 3450.
1150
Calculate the highest common divisor of 2246 and 77722830.
2246
Calculate the greatest common divisor of 46369167 and 1866.
933
Calculate the highest common divisor of 81282 and 11496102.
3534
Calculate the highest common factor of 55224 and 37804.
52
Calculate the greatest common divisor of 4716 and 323003556.
4716
Calculate the highest common divisor of 63778556 and 113.
113
Calculate the greatest common factor of 6033320 and 160.
40
Calculate the highest common factor of 193036637 and 12701.
977
What is the highest common factor of 517031936 and 2048?
2048
Calculate the greatest common divisor of 195 and 6943695.
15
Calculate the highest common divisor of 3247002 and 34782.
2046
Calculate the highest common divisor of 9693 and 102555.
9
What is the greatest common factor of 6180 and 3418158?
618
Calculate the greatest common divisor of 836739 and 20315.
239
Calculate the highest common divisor of 402588 and 36103788.
7596
Calculate the greatest common factor of 190 and 218229535.
95
Calculate the greatest common factor of 70 and 692503.
7
What is the greatest common factor of 11662924 and 156?
52
What is the greatest common factor of 6794913 and 2409?
219
What is the highest common divisor of 28699285 and 9580?
2395
Calculate the greatest common factor of 56654400 and 58.
58
What is the highest common factor of 268192 and 42688?
928
What is the highest common divisor of 9393448 and 2280?
152
Calculate the highest common factor of 1394 and 67368822.
82
Calculate the highest common factor of 9140615 and 76.
19
What is the greatest common factor of 1034 and 5335957?
517
Calculate the greatest common divisor of 3522 and 9690783.
1761
Calculate the greatest common factor of 14245416 and 216.
216
Calculate the highest common factor of 16 and 179261.
1
Calculate the highest common factor of 174520885 and 385.
385
Calculate the highest common divisor of 291 and 114837.
3
What is the highest common divisor of 4608 and 7871616?
1152
What is the greatest common divisor of 10914 and 385152?
102
Calculate the highest common factor of 4174176 and 2208.
96
Calculate the greatest common factor of 242315 and 1525.
5
What is the highest common divisor of 4094 and 659152423?
2047
What is the greatest common divisor of 155562 and 2222?
22
What is the greatest common factor of 13 and 228155902?
13
Calculate the greatest common factor of 464 and 37080473.
29
Calculate the highest common factor of 5358872 and 40.
8
What is the greatest common divisor of 12 and 15325539?
3
Calculate the greatest common factor of 1607028 and 1412.
4
Calculate the highest common factor of 36257690 and 280.
70
Calculate the greatest common factor of 4106766 and 23406.
282
Calculate the greatest common divisor of 686 and 8309.
7
What is the highest common factor of 66 and 2617549?
11
What is the greatest common factor of 24 and 14589318?
6
What is the greatest common divisor of 7330 and 37215143?
733
Calculate the greatest common factor of 4150675 and 175.
25
What is the highest common factor of 20 and 272750950?
10
Calculate the highest common divisor of 205994971 and 98.
49
What is the highest common divisor of 928812 and 2392036?
1972
What is the highest common divisor of 179960 and 670351?
4499
What is the highest common factor of 3 and 70147551?
3
What is the greatest common divisor of 1063161060 and 780?
780
Calculate the greatest common divisor of 3558 and 626.
2
Calculate the greatest common divisor of 979838 and 5672.
1418
What is the highest common divisor of 6088646 and 185?
37
What is the highest common divisor of 6114 and 11826?
6
What is the greatest common factor of 545683046 and 20994?
6998
What is the greatest common divisor of 1316904 and 10767?
111
Calculate the greatest common factor of 156865616 and 112.
16
What is the greatest common factor of 2884422 and 1938?
6
Calculate the greatest common factor of 488 and 5896931.
61
What is the highest common factor of 572 and 408390554?
286
Calculate the greatest common factor of 3365269 and 51.
17
What is the highest common factor of 102 and 7763254?
34
What is the highest common factor of 11205360 and 18715?
985
Calculate the highest common factor of 4288176 and 2748.
12
What is the greatest common factor of 9432 and 68940?
36
Calculate the highest common divisor of 9432 and 4845297.
393
What is the highest common factor of 1937381 and 28033?
97
Calculate the greatest common factor of 235034 and 46.
2
Calculate the greatest common divisor of 546 and 174151887.
273
Calculate the highest common factor of 996 and 3708.
12
Calculate the highest common factor of 77 and 126633969.
77
Calculate the greatest common factor of 30691 and 19156408.
653
Calculate the highest common factor of 2173628152 and 1214.
1214
Calculate the greatest common divisor of 1422 and 4280852.
158
Calculate the greatest common divisor of 494628 and 116.
4
What is the highest common divisor of 151 and 13628?
1
What is the greatest common divisor of 190 and 340284148?
38
What is the greatest common divisor of 20865928 and 1884?
628
Calculate the greatest common factor of 270578 and 528759.
539
What is the highest common factor of 737790935 and 4690?
2345
What is the highest common divisor of 23623206 and 174?
6
What is the greatest common factor of 1995684 and 84?
12
What is the highest common factor of 19045304 and 408?
136
What is the greatest common factor of 5656 and 10656856?
56
Calculate the highest common divisor of 14 and 83984712.
14
What is the greatest common divisor of 482671 and 162625?
1301
What is the greatest common divisor of 2794288 and 363601?
2863
Calculate the highest common divisor of 10260 and 15259185.
2565
What is the greatest common divisor of 1073 and 1373366?
37
What is the greatest common factor of 1055802 and 265914?
1122
Calculate the greatest common factor of 68 and 390031.
17
What is the highest common factor of 98126811 and 15903?
5301
Calculate the greatest common factor of 43600 and 188400.
400
Calculate the greatest common divisor of 3819 and 1920957.
3819
Calculate the greatest common factor of 32519 and 641988.
1049
Calculate the highest common divisor of 174 and 34121487.
87
What is the highest common divisor of 461716 and 276?
4
What is the highest common divisor of 535616 and 248?
8
Calculate the greatest common factor of 1283024 and 7888.
272
What is the highest common factor of 17280176 and 8?
8
What is the greatest common divisor of 176324 and 20064634?
5186
What is the highest common factor of 4 and 11594122?
2
What is the greatest common divisor of 257651 and 136047?
101
What is the greatest common factor of 1495202 and 7550?
302
Calculate the highest common factor of 116 and 7944811.
29
What is the highest common divisor of 1015 and 1023250123?
203
Calculate the highest common divisor of 14056 and 70446664.
2008
What is the highest common factor of 9835 and 86825347?
1967
Calculate the highest common divisor of 2040108 and 512.
4
What is the greatest common divisor of 271104 and 1503780?
4236
Calculate the greatest common divisor of 400 and 154338400.
400
Calcul